lculate r(4).
16
Suppose 0 = -10*s + 9*s - 40. Let b be (-3)/2*(s/(-15) - 4). Let j(t) = 5*t - 3 + 33*t**2 - 32*t**b + 0. Determine j(-3).
-9
Let l(t) = -181029 - 4*t + 181028 + t. Let c(i) = -i**2 + 2*i + 1. Let o be c(-1). Calculate l(o).
5
Let v(n) = 7*n**3 - n - 2. Let t be 120/(-36)*(-9)/(-15). Give v(t).
-56
Let u(g) = -464 - 479 + 1893 - g - 466 - 470. What is u(-9)?
23
Let o = -5 + 3. Let i(t) be the second derivative of t**4/6 + t**3/3 - t**2 - 3594*t. Calculate i(o).
2
Let u(g) = g**3 - 15*g**2 - 34*g + 2. Let k be u(17). Let v(n) = -11 + k + n**2 + 195*n - 375*n + 190*n. What is v(-10)?
-9
Let a be (-2322)/1032 - 2/(-8). Let y(n) = -3*n**2 + 6*n + 10. Give y(a).
-14
Let i(v) = 87*v - 54. Let g be i(13). Let p(m) = -3*m**2 + m + 1 - g*m**3 + 1054*m**3 + 3*m**2. Determine p(-1).
23
Let r(d) be the second derivative of -d**5/20 - 13*d**4/6 + d**3/3 + 45*d**2/2 + 2396*d. What is r(-26)?
-7
Let x(s) = 5 - 7*s - s + s**2 + 9*s - 4*s**2. Let l(q) = -4*q**2 + 2*q + 5. Let y(u) = 2*l(u) - 3*x(u). Let w = -147 + 151. Determine y(w).
15
Let f(p) = 114*p**2 - 397*p**2 - 74 + 148*p**2 + 139*p**2 - 29*p. Calculate f(9).
-11
Let b(o) = 6*o. Let c(j) = j**2 + 11*j + 30. Let s be c(-4). Suppose n + s = -m, -3*m + 5*n + 7 = -19. What is b(m)?
12
Let a(o) = -o - 4. Let q(i) = -2*i - 11. Let v(n) = -8*a(n) + 3*q(n). Let z = 1522 - 1012. Let u = 515 - z. Determine v(u).
9
Let z(c) = c + 15. Let g be (-6)/12*(0 - -4). Let v be (36/(-5) - -6)/(g/(-15)). Give z(v).
6
Let g(x) = -2*x**3 + 1854 - 8*x - 930 - 934 + x**3 - 3*x**2 + 3*x. What is g(-3)?
5
Let s(r) = r**2 + 3*r - 17. Let d be s(-5). Let q(m) = 5*m**2 + 14*m - 6. Let i(t) = -t**2 - t + 6. Let x(f) = -4*i(f) - q(f). Calculate x(d).
3
Let x(n) be the first derivative of -70*n**2 - 845*n - 851. Give x(-6).
-5
Suppose 0 = 12*j - 0 - 0. Suppose 13*b - 39 = -j*b. Let d(w) = 3*w**b - 3*w - 7*w**2 - 9 - 4*w**3 + 1. Give d(-7).
13
Let s(n) = 57*n**2 - 23*n - 26. Let p(l) = -36*l**2 + 15*l + 17. Let v(k) = -8*p(k) - 5*s(k). Give v(-2).
16
Let c(m) = -2*m**3 + 6*m**2 - 6*m + 5. Let p(u) = 4*u - 96. Let a be p(23). Let n(d) = -3*d**3 + 7*d**2 - 7*d + 6. Let y(h) = a*c(h) + 3*n(h). Calculate y(-4).
2
Let k(p) = -p**3 + 9*p**2 - 5*p - 17. Suppose 2*r = 2*l - 6, 67 = 4*l + 3*r + 20. Let v be k(l). Let t(s) = 7*s - 7. Calculate t(v).
42
Let v be 927/72 + (-36)/(-32) + -1. Let i(a) = -a**2 + 12*a + 3. Determine i(v).
-10
Let a(x) be the third derivative of x**7/840 + x**6/120 - x**4/12 - 283*x**3/6 - 102*x**2. Let g(q) be the first derivative of a(q). Determine g(-4).
-18
Let n be 17/6 - ((-287)/(-42) + -7). Suppose -3*x + 0 + n = 0. Let v(m) = 13*m + 4. Let u(z) = 12*z + 3. Let i(b) = -4*u(b) + 3*v(b). Give i(x).
-9
Let m(v) = 4*v**2 - 2*v + 4. Let y = -15700 + 15702. Determine m(y).
16
Suppose -3*r - 8 = -7*r. Let d(a) = -719*a + 352*a + 361*a - 2 - a**r. Determine d(-5).
3
Let g(u) = -2*u**2 - 12*u - 2. Let w be g(-5). Let q(i) be the second derivative of 0*i**2 - 22*i + 0 + 7/6*i**3 - 1/12*i**4. Calculate q(w).
-8
Let d(j) = 3*j**2 - 68*j - 70 + 34*j + 31*j + 24*j + 9*j. Give d(2).
2
Let z = 439 - 372. Let a(r) = r**3 - 66*r**2 - 68*r + 57. Calculate a(z).
-10
Let o(b) = -3*b - 1. Let c(w) = -w + 8. Let v be c(8). Suppose v = 2*z - z - 9. Let x be (-34)/z + 4 + 11/(-9). Determine o(x).
2
Let k(a) = -5*a**2 - a + 2. Let f = 8293 - 8284. Let b(q) = -11*q**2 - q + 4. Let m = -10 - -6. Let w(y) = f*k(y) + m*b(y). Give w(-5).
2
Let f(l) be the first derivative of l**2 - 2*l - 2. Let a be ((-4)/18 + 6/27)/2. Suppose a = n + 3 - 1. Calculate f(n).
-6
Let u = 0 - -11. Let m be (1*34)/(16/8). Suppose 3*s + m = u. Let h(g) = -6*g - 2. Determine h(s).
10
Let z(p) be the second derivative of p**5/40 + 5*p**4/8 + 4*p**3/3 - p**2 - 42*p. Let s(k) be the second derivative of z(k). Calculate s(-6).
-3
Let n(b) = 5*b**2 - 2*b. Let q(y) = 68 - 11 + 0*y**3 - 7*y**2 - 9*y**3 + 13*y**3 - 3*y**3 - 15*y. Let i be q(8). Give n(i).
3
Suppose -13 + 4 = 3*i - 15. Let w(r) = -2*r**3 + r**2 + r. What is w(i)?
-10
Let d(i) be the first derivative of 1/3*i**3 - 5 - 5*i - 1/2*i**2. Let a(u) = -u**2 + 21*u + 5. Let h be a(21). Calculate d(h).
15
Let i be (3 + 42/(-8))*(-39)/(1053/36). Let o(y) = y - 9. Determine o(i).
-6
Let k = -3751 - -3766. Let v(h) = h**3 - 15*h**2 - 3*h + 37. What is v(k)?
-8
Let y = 12 + -14. Let p(z) = 31*z + 3*z**2 - 29*z + 6*z**3 - z**3. Let h(v) = 25*v**3 + 16*v**2 + 11*v. Let l(f) = y*h(f) + 11*p(f). Determine l(1).
6
Let w(c) be the second derivative of -c**3/6 + 9*c**2/2 + 431*c - 4. Let r = 3 + -4. Let o(p) = -p - 1. Let f be o(r). Give w(f).
9
Suppose r = 58 - 57. Let s(w) = 2 - 5 + r - 4 - 2 - w. Let u be (8/10)/((-8)/100). Calculate s(u).
2
Let y(z) = 5*z**2 - 5*z + 20. Let t(p) = -3*p**2 + 3*p - 13. Let a(u) = 8*t(u) + 5*y(u). Let x = 405 - 401. Determine a(x).
8
Suppose 38 = 3*l - 17*x + 16*x, 2*x = 2. Suppose -3*f = -l*f + 50. Let t(n) be the second derivative of -n**4/12 + 2*n**3/3 + 2*n**2 - n. Calculate t(f).
-1
Let k(v) = 3*v**2 + 33*v - 68. Let y be k(2). Let p(u) = 0*u**3 + 22*u - y - 15*u - u**3 + 2*u**3 + 8*u**2. Give p(-7).
-10
Let d(w) = -12 - 6 + 13 + 26 + 2*w**2 + 46*w - 16*w. Determine d(-13).
-31
Let w(h) = 0 - 2 - 4678736*h**2 + 4*h**3 - 30*h**3 + 4678737*h**2 + 2*h - 8*h**3. Calculate w(1).
-33
Let z = 8 - 3. Let y(s) = 3*s - 1 + z - 9 - 4*s. What is y(-9)?
4
Let d(i) = -4*i**2 + i + 1. Let j = -344 + 349. Suppose h + j = 2*q, 3*h + 14 - 3 = 4*q. Calculate d(h).
-4
Suppose -4*f = u - 22, 3*f = 2*u + 2 + 9. Suppose -4*y + 96 = -68. Let q(z) = z + 42*z**2 + 1 - 3 + y*z**2 - 81*z**2. What is q(u)?
8
Let f(w) = -w**2 + 14*w - 51. Let q(l) = l**2 + l - 233. Let p be q(-16). Determine f(p).
-2
Suppose w + q = 9, -3*q = 2*w - 4*w - 2. Suppose 0 = 11*d - 7*d - 5*i - 15, -w*d + i + 3 = 0. Let b(l) = l**3 + l**2 - 16. Determine b(d).
-16
Let t(c) = -5*c + 188. Let y be t(33). Let i(h) = 3*h + 7 - h**2 - y + 8 + 8*h. Calculate i(10).
2
Let r be (31/(-2))/(2/(-4)). Suppose -108 = 11*t - r. Let o(m) = m**3 + 6*m**2 - 9*m - 11. Let q be o(t). Let v(a) = -a**2 - 2*a - 2. What is v(q)?
-17
Let x(i) = -5*i - 3. Let y = -73 + 73. Suppose y = 2*z - 3*k - 5, -3*k = 13 - 4. What is x(z)?
7
Let r be 5/(7 + 3)*30. Suppose d + r = 3*q, -5*d - 2 + 7 = q. Suppose -4*n - 2*w = 20, d*n + n - 4*w = 4. Let x(o) = o**3 + o**2 - 5*o - 2. Determine x(n).
-30
Let n(p) = 103*p**2 - 44*p + 133. Let c(s) = -120*s**2 + 45*s - 133. Let j(a) = 6*c(a) + 7*n(a). Calculate j(34).
-3
Let v(c) = c**3 + 28*c**2 - 31*c - 60. Let j = -7897 - -7868. What is v(j)?
-2
Let n(d) = -d + 2. Let t be n(0). Suppose -t*p + 6*p - x - 6 = 0, -2 = x. Suppose r = -p, -b - 5*r = -4*r - 6. Let y(i) = i**2 - 5*i - 10. What is y(b)?
4
Let f(q) = 17*q**2 - 24*q + 10. Let n(g) = -8*g + 396*g**2 - 193*g**2 - 197*g**2 + 3. Let h = 31 + -27. Let r(l) = h*f(l) - 11*n(l). Give r(5).
17
Let q(y) = -y**2 + 2. Let j(k) = k. Let v(n) = -3*j(n) + q(n). Let z be (-2)/3 - (-1152)/27. Suppose -22*t + 2 + z = 0. Give v(t).
-8
Let r(u) be the third derivative of -u**4/6 + 35*u**2. Let n be (112/(-60))/(-14) - (-103)/15. Calculate r(n).
-28
Let t(y) = y**3 - 6*y**2 + 2*y + 3. Let m(j) = j**3 + 5*j**2 - 42*j - 210. Let v be m(-6). Calculate t(v).
15
Let c(q) be the third derivative of -q**5/60 - q**4/3 - 3*q**3/2 - 53074*q**2. Suppose s - 16 = -0*s. Suppose -s = 3*k + 2. Calculate c(k).
3
Let i(h) = -h**3 - 4*h**2 + 7*h - 3. Let a(d) = d**2 - 4*d - 9. Let p be a(6). Suppose 0 = -4*w - 4*b - 12, 5*w = 9*w - p*b + 26. What is i(w)?
-13
Let g be 4/18 + 64/36. Let r(z) be the first derivative of 6*z**2 - 3*z + z**2 - 22 - 4*z**2. Give r(g).
9
Let z(k) = -2*k**3 + 39*k**2 - 17*k - 17. Suppose 0 = -4*a + 4*f + 84, -5*a - 3*f + 4 = -85. Calculate z(a).
21
Let d(m) = -4*m**2 + 3*m - 1. Let s(v) = -21*v**2 + 17*v - 10. Let z(f) = 5*d(f) - s(f). Suppose 0 = -u + 3*u - 8. Calculate z(u).
13
Let s(f) = f**3 - 8*f**2 + 63*f - 244. Let k be s(5). Let a(n) = 4*n**2 + 3*n - 4. What is a(k)?
48
Let p be -4*(55/(-10) + 5). Suppose -2*g = -4 - 6, -2*g - 118 = -p*l. Let c(f) = -69*f**3 - 8*f**2 + f - l*f**3 + 132*f**3 - 6. Calculate c(-8).
-14
Let r(v) = 3*v**3 + 18*v**2 - v - 1. Let g(w) = -22*w**3 - 120*w**2 + 12*w - 3. Let b(s) = g(s) + 7*r(s). What is b(6)?
20
Let j(o) = 2*o - 7. Supp